 tens digit of y?
7
Let q(c) = 82*c + 5. Let p be q(-3). What is the units digit of p/(-5) - (-7)/(-35)?
8
Suppose -38 = 5*l - 2*u, -2*l + 19 = -4*l - 3*u. Let y = l - -14. What is the units digit of y?
6
Let l(f) be the second derivative of f**4/6 + 5*f**3/6 + 3*f**2/2 + 2*f. What is the units digit of l(-3)?
6
Suppose -4*a = 2*i - 5*i + 847, 0 = -i - 4*a + 277. What is the tens digit of i?
8
Let h(p) = 3*p**2 + 18*p + 18. Let r(q) = -2*q**2 - 12*q - 12. Let d(u) = -5*h(u) - 8*r(u). What is the units digit of d(-6)?
6
Let k = -4 - -45. What is the units digit of k?
1
Let d be (-38*1)/(0 + -2). Let z(p) = p**3 - 12*p**2 + 11*p + 4. Let g be z(11). Suppose -d - 21 = -g*v. What is the tens digit of v?
1
Let d be 12/5 + 2/(-5). Suppose -4*g - d*i + 14 = 0, 3*g - 4*g + 26 = 5*i. What is the units digit of g?
1
Let h be -3*(-6)/9 + 2. Suppose -5*t = -h*t - 2. What is the units digit of t?
2
Suppose 0 = 5*r - r + 32. Let m be 2/r - (-20)/16. What is the units digit of 2/(2*m/4)?
4
Suppose -b = -6*b + 100. What is the units digit of b?
0
Let q be 4/22 - 4/22. Suppose 4*v = -q*v + 4. What is the units digit of -4*((-1)/4)/v?
1
Suppose 116 = w - 0*w. What is the tens digit of w?
1
Suppose 9 = -f + 4*f. Suppose 2 + 1 = f*x. What is the units digit of x?
1
Let z(t) = -t**3 + 32. Suppose 0 = 5*u - u. What is the tens digit of z(u)?
3
Let x(i) = -1 + 11*i - 8*i - 3*i + 12*i**2. What is the tens digit of x(1)?
1
Let f be 2/1 - (-12)/(-4). What is the units digit of f/(6/33)*-2?
1
Suppose 7*d - 8 = 3*d. Suppose -d*v + 16 = -v. What is the units digit of v?
6
Suppose 0 = 4*l + 2*v + v - 15, -l = -3*v. Suppose 2*f - 4*t - 18 = 0, -54 = -l*f - 0*f - 3*t. What is the units digit of f?
5
Suppose 3*j - 87 = 2*u + u, 4*u = -4*j + 124. Suppose -3*f + 6*f = j. What is the units digit of f?
0
Suppose x - 7 = -3*g, 3*g - 2 = 4*x + 30. Suppose -45 = -g*q - q. Suppose -2*l + 5 = -q. What is the units digit of l?
7
Let q be 4/((-12)/(-93)) - -2. What is the tens digit of (0 - 0) + q/3?
1
Suppose 6 - 4 = d. What is the units digit of (d - 1)*(-14)/(-1)?
4
Let g(c) = 42*c**3 - 3*c**2 + 4*c - 2. What is the units digit of g(1)?
1
Let p = -15 + 11. Let a be p*(-3)/(-6)*-1. Suppose g - 34 = -a*l, l - g - 92 = -4*l. What is the units digit of l?
8
Let z be (6 - 3)*112/12. Let d = -18 + z. What is the units digit of d?
0
Let a(b) be the second derivative of b**6/120 - b**5/60 + b**3/3 - b**2 - b. Let i(y) be the first derivative of a(y). What is the units digit of i(0)?
2
Let l(t) = -t**2 - t - 3. Suppose 2 + 1 = o. Let a be l(o). What is the tens digit of 3/a + (-122)/(-10)?
1
Let f(b) = -b**3 + 4*b**2 - 4*b + 2. Let l be f(3). Let t = 23 - l. What is the units digit of t?
4
Suppose -5*q = 3*g - 140, 3*g = -3*q + 2*g + 88. What is the tens digit of q?
3
Suppose -z + 2*v + v = -9, 0 = -3*z - 4*v + 1. Suppose -7 - 5 = z*i. Let x = i + 12. What is the units digit of x?
8
Let q be ((-12)/(-15))/(2/5). Suppose 0 = -q*v + 1 + 5. Suppose -v*m - 3 = 2*k, -5*k - 1 = 2*m - 10. What is the units digit of k?
3
Suppose -x + 4*b = -80, 2*x = -b - 59 + 174. What is the units digit of x?
0
Let l(m) = 3*m - 13. What is the units digit of l(14)?
9
Let q(v) = -v**2 - 27*v - 1. What is the tens digit of q(-17)?
6
Suppose -5*t = -149 - 176. What is the tens digit of t?
6
Let q(w) = -36*w - 21. What is the tens digit of q(-3)?
8
Suppose 0 = k + 3*k - 176. What is the units digit of k?
4
Let q(h) = h**2 - 2*h - 2. Let n be q(3). Let b be -1 + (-1 - n - -44). Let d = b + -22. What is the tens digit of d?
1
Let t = 7 - 13. What is the units digit of 154/(-21)*t/4?
1
Let p(t) = t**3 - 2*t**2 - 3*t. What is the units digit of p(5)?
0
Let s(d) = -6*d + 12 + 0*d**2 + d**2 + 10*d. What is the tens digit of s(-7)?
3
Suppose -5*b + 4*m + 323 = 0, 0*m - 3*m - 6 = 0. Let s be b/13 - 8/(-52). What is the units digit of (-60)/8*(-4)/s?
6
Suppose 0 = 3*f - 2*f - 4*m - 139, 5*m = -f + 184. What is the units digit of f?
9
Let a be (7 + -3)*2/4. Suppose a*b - 19 = -i, -4*b - 56 = -5*i - b. What is the units digit of i?
3
Suppose 6*x = 4*w + 2*x - 16, -2*w + x = -8. Suppose -q - 4*q + 97 = w*i, 2*i - 51 = -5*q. What is the tens digit of i?
2
Let o = -1 - 2. What is the units digit of ((-24)/20)/(o/10)?
4
Suppose -5*m + 7 + 13 = 0, 5*k + 2 = 3*m. Suppose 0*g + 106 = k*g. What is the tens digit of g?
5
Suppose 3*l = 2*w + 20, -5*w + l - 28 = -l. Let s(j) = -j**3 - 4*j**2 - j - 2. Let z be s(w). Suppose -z*n - 2*n = -32. What is the units digit of n?
8
Let v(z) = -2*z - 9. Let g be v(-6). Suppose h + 2 = g*j, -4*j + 3 = 5*h + 13. Suppose 5*k + 0*k + 4*q = j, -q = -5*k + 25. What is the units digit of k?
4
Suppose -6*v = -8*v - 6. Let s(t) = -3*t - 12. Let m be s(-9). What is the units digit of (-78)/(-10) - v/m?
8
Suppose -2*i - 2*i = -84. Let p = i + -4. What is the tens digit of p?
1
Let v = 55 + -31. Let m = 10 - v. What is the tens digit of -4 - (-1)/1 - m?
1
Suppose -4*v + 70 - 14 = 0. What is the units digit of v?
4
Let i = -18 + 37. What is the tens digit of i?
1
Let j be (-3 + 5/2)*-14. Suppose 0 = 2*n - 3*n + 5, -2*n - j = -s. What is the tens digit of s?
1
Suppose 5*i - 4*w = 18 + 147, -5*w = 0. Let f = -16 + i. What is the units digit of f?
7
Let r = -234 + 620. What is the tens digit of r?
8
Let b(z) = -z**2 + 19*z - 4. What is the tens digit of b(16)?
4
Let z = -12 - -13. Let h = 1 + 0. What is the units digit of z/((3/15)/h)?
5
Let t be (4 + -1)/((-6)/(-4)). Suppose -t*b + 3*q + 7 = 0, 3*b + 2 = -0*q + 2*q. Let o(i) = -i**2 - 6*i - 5. What is the units digit of o(b)?
3
Let o(b) = -b - 4. Let d be o(0). Let u(i) = i**3 + 3*i**2 + 6*i + 3. Let t(y) = y**2 - y. Let r(m) = 2*t(m) + u(m). What is the units digit of r(d)?
3
Suppose -35 = -u - 4*u. Let g(p) = -p + 15. What is the units digit of g(u)?
8
Suppose 3*d = 2 + 4. Suppose -d*g = -3*g + 1. Let u(i) = 10*i - 1. What is the units digit of u(g)?
9
Let g(j) = -j**2 - 13*j - 4. What is the units digit of g(-10)?
6
Let j be 1 + 1/(-1) + 2. Suppose -1 - 5 = 2*q, -4 = -j*s + 2*q. Let l = s - -2. What is the units digit of l?
1
Let z(p) = 4*p**2 + 15*p - 3. Let b(s) = 5*s**2 + 16*s - 3. Let u(m) = 5*b(m) - 6*z(m). What is the units digit of u(10)?
3
Suppose 18 + 4 = z. Let w = 2 + z. What is the units digit of w?
4
Suppose 0 = -4*h + 233 - 45. What is the tens digit of h?
4
Let w(s) = s**3 + 5*s**2 - 6*s + 3. Let r be w(-6). Suppose z + 3*q = -r*z + 46, -19 = -z + 3*q. Let c = -1 + z. What is the tens digit of c?
1
Let h = -50 - -86. What is the tens digit of h?
3
Suppose -6*k + 4*k = -98. What is the tens digit of k?
4
Suppose 2*q + 22 + 8 = 4*t, 5*t - 65 = -3*q. Suppose -4*l = 2*l + 24. What is the units digit of l/20 - (-32)/t?
3
Suppose r = -0*r + 2. Let q be 5/r*18/15. What is the units digit of q/((-9)/12)*-1?
4
Suppose -4*a + 970 = -278. What is the units digit of a?
2
Let n(s) = 2*s**2 - 2*s - 2. Suppose 0 = -5*c + c + 8. Let v be n(c). Suppose p - 2*p = x - 11, -v*x - 4*p = -12. What is the units digit of x?
6
Suppose -2*y + x = -5*y + 145, -2*y - 5*x + 88 = 0. What is the tens digit of y?
4
Let n(s) be the first derivative of s**4/4 - s**3/3 - s**2/2 - 5*s + 3. Let g be n(0). Let m = g + 6. What is the units digit of m?
1
Let p = 70 + 52. What is the hundreds digit of p?
1
Let q(o) = -o**2 - o + 2. Let f be q(-3). Let i = -2 - f. Suppose -1 = -i*h + 1. What is the units digit of h?
1
Suppose -5*m + 137 = 3*i, 5*i - 251 = -5*m + 8*m. What is the tens digit of i?
4
Suppose -5*g + c + 151 = 0, 33 = 3*g - 2*g - 3*c. What is the units digit of g?
0
Suppose -3*j - 623 = -68. What is the units digit of j/(-11) - (-2)/11?
7
Let m = -13 - -18. Suppose 2*v + 4*x + 5 - 13 = 0, 3*v + m*x - 12 = 0. What is the units digit of v?
4
Suppose -4*i - 7 = -w + 3, -4*w + 5*i + 62 = 0. What is the units digit of w?
8
Let a(v) be the third derivative of v**4/24 - 5*v**3/3 + 2*v**2. Let h be a(8). Let n(o) = o**3 + 2*o**2 + 2. What is the units digit of n(h)?
2
Let y = -10 - -16. Let c be -1 - (y/(-2) + -2). What is the units digit of c*4/((-48)/(-15))?
5
Suppose r = l, -2*l - 2 = 2*l - 3*r. Let m be (3 + l)*2/1. Suppose 4*a + 13 = -i, -m*a = 5*i + a - 3. What is the units digit of i?
3
Let q = 31 + 8. Suppose 3*n = -0*n + q. What is the tens digit of n?
1
Let a be -1*((-6)